) = 5*w**2 - 6*w**2 - 6*w + 0*w + 11*w + 5. Let i be r(5). Calculate the greatest common divisor of c and i.
5
Let w(f) = f + 20. Let y be (-305)/20 + 1/4. Let a be w(y). Suppose 0 = g - a*g + 4. What is the greatest common divisor of 1 and g?
1
Let w = -86 - -104. What is the highest common factor of 171 and w?
9
Suppose -2*r + 142 = -8. Calculate the highest common factor of r and 165.
15
Suppose 0 = -3*a - 14 + 56. What is the highest common factor of 266 and a?
14
Let v be 2/(-12) + (-225)/(-54). Suppose v*d = 83 + 5. Let f be (-594)/(-4)*16/12. What is the greatest common factor of d and f?
22
Let c be (-2631)/15 + 8/20. Let s be c/42 + 1/6. Let x be (55/(-10) - s)*-70. What is the highest common divisor of x and 15?
15
Suppose 0 = t + 3*t + 636. Let v = t + 313. Suppose 5*u = 3*c - 37, 8*c - 3*c + u - 71 = 0. What is the highest common divisor of c and v?
14
Suppose 3*m + 106 - 256 = 0. Calculate the highest common factor of m and 110.
10
Let b(r) = -r**3 - 9*r**2 - r + 80. Let n be b(0). What is the greatest common divisor of 520 and n?
40
Let c be (3 + -1)*(-19)/(-2). Calculate the highest common divisor of 38 and c.
19
Let b(r) = 6*r - 8. Let w be b(6). Suppose 0 = 6*l - 5*l - w. Calculate the highest common divisor of 7 and l.
7
Let r = -145 - -88. Let l = -43 - r. Suppose 4*g + 29 = s - 0*g, 5*s - 4*g - 113 = 0. Calculate the greatest common divisor of l and s.
7
Suppose b - 3*u - 34 = -0*b, 0 = 3*b - 3*u - 90. Calculate the highest common divisor of 4 and b.
4
Let i = -22 + 38. Let s = i - 14. Suppose s*b = -2*b + 56. What is the greatest common divisor of b and 2?
2
Let s(k) = k**3 - k. Let f be s(2). Suppose -f*r - 20 = -8*r. What is the highest common factor of 50 and r?
10
Let n be (-180)/(-24) + (-1)/2. Suppose -d + 4*w + n = -21, 3*w = 3*d - 75. Calculate the highest common factor of d and 192.
24
Let h = 3084 + -2508. What is the highest common factor of 360 and h?
72
Let l be -1*(-152)/(-72)*-9. What is the greatest common factor of 171 and l?
19
Suppose 175 = -j - 3*n, -3*j - 4*n + 122 - 657 = 0. Let s = j + 286. What is the highest common divisor of 42 and s?
21
Let a = -61 + 100. Calculate the greatest common divisor of 403 and a.
13
Let a be ((-147)/63)/(2*(-2)/1296). Calculate the greatest common divisor of a and 28.
28
Suppose 9 = -2*m + 17. Calculate the greatest common divisor of m and 11.
1
Suppose 3*h - 8 = 16. Let b be (1*-57)/((-8)/192*-9). Let a be (-7 - b/40)/((-2)/5). Calculate the greatest common factor of a and h.
8
Let a be (2/6)/((-5)/(-135)). Suppose -2*z = 2*z - 2*f - 184, -3*z = -f - 137. What is the greatest common divisor of a and z?
9
Let w(q) = q**3 - 3*q**2 - q - 4. Let m be w(4). Suppose 4 = -4*y + 4*t, 4*t - 2 - m = y. Suppose -y*o + 36 = -o. What is the greatest common factor of o and 4?
4
Suppose 247*f - 4914 = 240*f. Calculate the greatest common factor of 26 and f.
26
Suppose 4*a - 10 = 3*a. Let s(q) = -q**2 - q + 100. Let h be s(0). Let k be ((-8)/(-2))/(4/h). What is the highest common factor of k and a?
10
Let l = -1025 - -2103. What is the greatest common factor of l and 22?
22
Let c = 327 + -295. What is the greatest common divisor of c and 256?
32
Let f = 21 - 23. Let w be ((-6)/(-4) - f)*200/14. What is the greatest common factor of w and 10?
10
Let o be 11 + 3 + -2 - 1. Let m = 4 + o. Let t be (110/m)/((-4)/(-6)). Calculate the highest common divisor of 121 and t.
11
Let m = -73 - -16. Let y be ((-1)/3)/(1/m). Let f(l) = -l**2 - 36*l + 72. Let h be f(-33). Calculate the highest common divisor of h and y.
19
Suppose -z = 3*z - 320. Calculate the highest common divisor of 48 and z.
16
Let h be (18/7)/((-27)/(-126)). Let s = 48 - h. What is the highest common factor of 24 and s?
12
Suppose -53 = 4*l - 5*l - 2*d, 0 = 4*d + 20. Suppose -5*i = -8*i + l. What is the highest common divisor of 147 and i?
21
Suppose -2*a = 4*n - 172, 0 = -4*n + 7*a - 8*a + 176. What is the greatest common factor of n and 15?
15
Let k(c) = 6*c - 10*c + 2*c + c**3 - 23 - 5*c**2. Let t be k(6). What is the highest common divisor of 16 and t?
1
Suppose -3*d + 239 = 4*s, -5*d + 23*s = 26*s - 380. What is the greatest common factor of d and 2?
1
Let q(p) = p**3 - 5*p**2 - 4*p + 6. Let c be q(6). Calculate the greatest common divisor of c and 192.
6
Let l(p) = p**3 + 42*p**2 + 217*p + 57. Let f be l(-36). What is the highest common factor of 12 and f?
3
Let f(v) = -8*v + 22*v - 8*v - 46*v + 4 - 4*v**2. Let t be f(-9). Calculate the highest common divisor of t and 30.
10
Let m = -743 + 931. What is the greatest common factor of m and 235?
47
Suppose 3*m - 2*m = 0. Let y be (2 + m)/(12/114). What is the greatest common factor of 38 and y?
19
Let u(j) = j**2 - 17*j + 10. Let i be u(17). Let d = -30 + 55. Calculate the highest common divisor of i and d.
5
Let x = -993 - -5. Let u = 691 + x. Let r = -164 - u. Calculate the highest common factor of 19 and r.
19
Let i = -10 + 10. Suppose i = 14*m - 9*m + 195. Let o = 10 - m. What is the highest common factor of 7 and o?
7
Let y(t) = t + 5. Let j be y(-3). Suppose -5*o = -j*x + 39, 49 = 2*x + 4*o + o. Let i = -28 - -30. Calculate the greatest common factor of i and x.
2
Let p be ((-2790)/(-837))/((-8)/(-6) - 1). What is the greatest common divisor of 130 and p?
10
Suppose -3*j = -7*j. Suppose j = o + o + 50. Let d be (-2)/10 + (-2005)/o. What is the greatest common divisor of d and 32?
16
Let o = -610 + 663. What is the highest common factor of 212 and o?
53
Let j(d) = -5*d - 1. Let r be j(-1). Suppose -2*x + 0*a = 3*a + 8, 4*a = r*x - 24. Suppose -m = -17 + x. What is the greatest common divisor of 5 and m?
5
Let o(y) = 6*y - 105. Let a be o(18). What is the highest common factor of 147 and a?
3
Let s be (6/(-15))/((3 - -2)/(-100)). Let z be 12/1*15/(30/s). What is the greatest common factor of z and 16?
16
Let y be ((-10)/(-3))/((-24)/(-180)). Let v = -10 - -3. Let j = y + v. What is the highest common divisor of j and 6?
6
Let o(t) = -2*t - 13*t + 12*t**2 - t**3 + 4*t + 7. Let x be o(11). Suppose x + 9 = 2*w. What is the greatest common factor of w and 20?
4
Suppose -3*q + 0*q + 219 = 5*h, h - 27 = 5*q. Calculate the highest common divisor of h and 21.
21
Suppose 3*d = 5*d + 518. Let k = 376 + d. Let f be ((-3)/6)/((-2)/52). Calculate the highest common divisor of f and k.
13
Let p be 1*-1*1 + 6. Let y(m) = 3*m**2 + 3*m - 3*m**2 - 10*m + 5*m - 10 + m**2. Let f be y(p). What is the greatest common factor of f and 2?
1
Let k = -20 - -22. Suppose 65 = -k*b + 3*b. Suppose 5*c = 4*n + 134, -3*c + 6*n = n - 83. Calculate the highest common divisor of c and b.
13
Suppose 0 = -3*c - 15, t + c = 4*t - 50. Calculate the greatest common factor of t and 155.
5
Let k(t) = -t**2 - 8*t - 2. Let n = -4 + -2. Let u be k(n). Suppose -8*r = -24*r + 1440. What is the highest common divisor of r and u?
10
Let p = 40 - 47. Let h(n) = n**2 - n + 7. Let g be h(p). Calculate the greatest common factor of 42 and g.
21
Let s be ((-120)/(-3 - -5))/(3 + -4). What is the highest common divisor of s and 240?
60
Let b be 22/6 - (-2)/6. Suppose -5*i = 2*f - 4, 5*f + i = b*f + 5. Let o be 63/1 + 3 + 41 + -44. What is the highest common divisor of o and f?
7
Suppose -8*p = 811 - 3203. What is the highest common factor of 46 and p?
23
Let n be (-28)/(476/(-153))*10/6. Calculate the highest common factor of n and 245.
5
Let n = 24 - 6. Suppose z = -0*y - y + 15, -6 = 2*y. Calculate the highest common divisor of z and n.
18
Let y = 6 + 15. Calculate the greatest common factor of 903 and y.
21
Suppose 5*y = 15*y. Let c(d) = 15*d + 6. Let k be c(5). Suppose y = -2*q - s + 172, q - 3*s = -s + k. Calculate the greatest common divisor of 34 and q.
17
Let k = 40 - 8. Calculate the highest common divisor of k and 24.
8
Let b be (-325)/(-2) - ((-36)/8 - -5). Calculate the greatest common factor of 27 and b.
27
Suppose 6*w + 121 = -191. Let p = -34 - w. Calculate the greatest common divisor of p and 9.
9
Let u = 280 - 162. Calculate the highest common divisor of 2 and u.
2
Suppose a - 1 = -u, 2*u - 3*a = -a - 2. Let n(d) = -d**3 + 2*d + 35. Let q be n(u). Calculate the highest common divisor of 35 and q.
35
Let o be -2*6/3 - -1819*1. What is the highest common divisor of o and 15?
15
Let o = -2 - -17. Let z = o -